{"id":4454,"date":"2022-04-05T16:42:26","date_gmt":"2022-04-05T16:42:26","guid":{"rendered":"https:\/\/www.floridacitrus.quebec\/oj\/?post_type=fdoc-recipe&#038;p=4454"},"modified":"2024-06-14T17:24:43","modified_gmt":"2024-06-14T17:24:43","slug":"sucettes-glacees-au-jus-dorange-de-la-floride","status":"publish","type":"fdoc-recipe","link":"https:\/\/www.floridacitrus.quebec\/oj\/recettes\/sucettes-glacees-au-jus-dorange-de-la-floride\/","title":{"rendered":"Sucettes glac\u00e9es au jus d&rsquo;orange de la Floride"},"content":{"rendered":"\r\n<div class=\"wp-block-buttons alignright is-layout-flex wp-block-buttons-is-layout-flex\">\r\n<div class=\"wp-block-button\"><a class=\"wp-block-button__link\" href=\"https:\/\/www.floridacitrus.ca\/oj\/recipes\/florida-orange-juice-freezer-pops\/\" target=\"_blank\" rel=\"noreferrer noopener\">Anglais<\/a><\/div>\r\n<\/div>\r\n\r\n\r\n\r\n<h2 class=\"wp-block-heading\">Ingr\u00e9dients<\/h2>\r\n\r\n\r\n\r\n<ul class=\"wp-block-fdoc-recipe-ingredients\">\r\n<li>1 \u00bd tasse de jus d&rsquo;orange de la Floride\u00a0<\/li>\r\n<li>1 \u00bd tasse de yogourt \u00e0 la vanille\u00a0<\/li>\r\n<li>1\/2 c. \u00e0 th\u00e9 d&rsquo;extrait de vanille\u00a0<\/li>\r\n<li>Moules \u00e0 sucettes glac\u00e9es\u00a0\u00a0<\/li>\r\n<\/ul>\r\n\r\n\r\n\r\n<h2 class=\"wp-block-heading\">Pr\u00e9paration<\/h2>\r\n\r\n\r\n\r\n<p class=\"has-small-font-size\">Francisco Pines \u2013 Sucettes glac\u00e9es au jus d\u2019orange de la Floride\u00a0<\/p>\r\n\r\n\r\n\r\n<p class=\"has-small-font-size\">\u00c9tape\u202f1\u202f:Fouetter le jus d&rsquo;orange de la Floride, le yogourt \u00e0 la vanille et l&rsquo;extrait de vanille dans un bol de taille moyenne.\u00a0<\/p>\r\n\r\n\r\n\r\n<p class=\"has-small-font-size\">\u00c9tape\u202f2\u202f: Verser le m\u00e9lange dans des moules \u00e0 cong\u00e9lation.\u00a0<\/p>\r\n\r\n\r\n\r\n<p class=\"has-small-font-size\">\u00c9tape\u202f3\u202f: Placer les moules au cong\u00e9lateur pendant au moins six heures, ou jusqu&rsquo;\u00e0 ce que le m\u00e9lange soit ferme.\u00a0<\/p>\r\n\r\n\r\n\r\n<p class=\"has-small-font-size\">\u00c9tape\u202f4\u202f: Tremper bri\u00e8vement les moules dans de l&rsquo;eau chaude avant de les d\u00e9mouler.\u00a0<\/p>\r\n\r\n\r\n\r\n<p class=\"has-small-font-size\">Conseil utile\u202f:\u00a0Nous aimons utiliser des moules \u00e0 cong\u00e9lation dont les b\u00e2tonnets en plastique sont d\u00e9j\u00e0 ins\u00e9r\u00e9s. Cela facilite le nettoyage.\u00a0<\/p>\r\n","protected":false},"excerpt":{"rendered":"<p>Ingr\u00e9dients Pr\u00e9paration Francisco Pines \u2013 Sucettes glac\u00e9es au jus d\u2019orange de la Floride\u00a0 \u00c9tape\u202f1\u202f:Fouetter le jus d&rsquo;orange de la Floride, le yogourt \u00e0 la vanille et l&rsquo;extrait de vanille dans un bol de taille moyenne.\u00a0 \u00c9tape\u202f2\u202f: Verser le m\u00e9lange dans des moules \u00e0 cong\u00e9lation.\u00a0 \u00c9tape\u202f3\u202f: Placer les moules au cong\u00e9lateur pendant au moins six heures,&#8230;<\/p>\n","protected":false},"featured_media":4455,"template":"","meta":{"_acf_changed":false,"om_disable_all_campaigns":false,"footnotes":""},"fdoc-citrus-type":[118],"fdoc-recipe-method":[],"fdoc-recipe-diet":[],"fdoc-health-category":[89,178,69,168],"fdoc-recipe-lifestyle":[],"fdoc-recipe-course":[152,53],"fdoc-recipe-cuisine":[],"fdoc-recipe-ingredient":[],"fdoc-recipe-keyword":[],"class_list":["post-4454","fdoc-recipe","type-fdoc-recipe","status-publish","has-post-thumbnail","hentry","fdoc-citrus-type-jus-dorange","fdoc-health-category-convient-aux-enfants","fdoc-health-category-riche-en-vitamine-c","fdoc-health-category-sans-gluten","fdoc-health-category-vegetarien","fdoc-recipe-course-collation","fdoc-recipe-course-dessert"],"acf":[],"_links":{"self":[{"href":"https:\/\/www.floridacitrus.quebec\/oj\/wp-json\/wp\/v2\/fdoc-recipe\/4454","targetHints":{"allow":["GET"]}}],"collection":[{"href":"https:\/\/www.floridacitrus.quebec\/oj\/wp-json\/wp\/v2\/fdoc-recipe"}],"about":[{"href":"https:\/\/www.floridacitrus.quebec\/oj\/wp-json\/wp\/v2\/types\/fdoc-recipe"}],"version-history":[{"count":10,"href":"https:\/\/www.floridacitrus.quebec\/oj\/wp-json\/wp\/v2\/fdoc-recipe\/4454\/revisions"}],"predecessor-version":[{"id":7875,"href":"https:\/\/www.floridacitrus.quebec\/oj\/wp-json\/wp\/v2\/fdoc-recipe\/4454\/revisions\/7875"}],"wp:featuredmedia":[{"embeddable":true,"href":"https:\/\/www.floridacitrus.quebec\/oj\/wp-json\/wp\/v2\/media\/4455"}],"wp:attachment":[{"href":"https:\/\/www.floridacitrus.quebec\/oj\/wp-json\/wp\/v2\/media?parent=4454"}],"wp:term":[{"taxonomy":"fdoc-citrus-type","embeddable":true,"href":"https:\/\/www.floridacitrus.quebec\/oj\/wp-json\/wp\/v2\/fdoc-citrus-type?post=4454"},{"taxonomy":"fdoc-recipe-method","embeddable":true,"href":"https:\/\/www.floridacitrus.quebec\/oj\/wp-json\/wp\/v2\/fdoc-recipe-method?post=4454"},{"taxonomy":"fdoc-recipe-diet","embeddable":true,"href":"https:\/\/www.floridacitrus.quebec\/oj\/wp-json\/wp\/v2\/fdoc-recipe-diet?post=4454"},{"taxonomy":"fdoc-health-category","embeddable":true,"href":"https:\/\/www.floridacitrus.quebec\/oj\/wp-json\/wp\/v2\/fdoc-health-category?post=4454"},{"taxonomy":"fdoc-recipe-lifestyle","embeddable":true,"href":"https:\/\/www.floridacitrus.quebec\/oj\/wp-json\/wp\/v2\/fdoc-recipe-lifestyle?post=4454"},{"taxonomy":"fdoc-recipe-course","embeddable":true,"href":"https:\/\/www.floridacitrus.quebec\/oj\/wp-json\/wp\/v2\/fdoc-recipe-course?post=4454"},{"taxonomy":"fdoc-recipe-cuisine","embeddable":true,"href":"https:\/\/www.floridacitrus.quebec\/oj\/wp-json\/wp\/v2\/fdoc-recipe-cuisine?post=4454"},{"taxonomy":"fdoc-recipe-ingredient","embeddable":true,"href":"https:\/\/www.floridacitrus.quebec\/oj\/wp-json\/wp\/v2\/fdoc-recipe-ingredient?post=4454"},{"taxonomy":"fdoc-recipe-keyword","embeddable":true,"href":"https:\/\/www.floridacitrus.quebec\/oj\/wp-json\/wp\/v2\/fdoc-recipe-keyword?post=4454"}],"curies":[{"name":"wp","href":"https:\/\/api.w.org\/{rel}","templated":true}]}}

Sucettes glacées au jus d&rsquo;orange de la Floride

<div class="wp-block-buttons alignright is-layout-flex wp-block-buttons-is-layout-flex">
<div class="wp-block-button"><a class="wp-block-button__link" href="https://www.floridacitrus.ca/oj/recipes/florida-orange-juice-freezer-pops/" target="_blank" rel="noreferrer noopener">Anglais</a></div>
</div>



<h2 class="wp-block-heading">Ingrédients</h2>



<ul class="wp-block-fdoc-recipe-ingredients">
<li>1 ½ tasse de jus d&rsquo;orange de la Floride </li>
<li>1 ½ tasse de yogourt à la vanille </li>
<li>1/2 c. à thé d&rsquo;extrait de vanille </li>
<li>Moules à sucettes glacées  </li>
</ul>



<h2 class="wp-block-heading">Préparation</h2>



<p class="has-small-font-size">Francisco Pines – Sucettes glacées au jus d’orange de la Floride </p>



<p class="has-small-font-size">Étape 1 :Fouetter le jus d&rsquo;orange de la Floride, le yogourt à la vanille et l&rsquo;extrait de vanille dans un bol de taille moyenne. </p>



<p class="has-small-font-size">Étape 2 : Verser le mélange dans des moules à congélation. </p>



<p class="has-small-font-size">Étape 3 : Placer les moules au congélateur pendant au moins six heures, ou jusqu&rsquo;à ce que le mélange soit ferme. </p>



<p class="has-small-font-size">Étape 4 : Tremper brièvement les moules dans de l&rsquo;eau chaude avant de les démouler. </p>



<p class="has-small-font-size">Conseil utile : Nous aimons utiliser des moules à congélation dont les bâtonnets en plastique sont déjà insérés. Cela facilite le nettoyage. </p>

<p>Ingrédients Préparation Francisco Pines – Sucettes glacées au jus d’orange de la Floride  Étape 1 :Fouetter le jus d&rsquo;orange de la Floride, le yogourt à la vanille et l&rsquo;extrait de vanille dans un bol de taille moyenne.  Étape 2 : Verser le mélange dans des moules à congélation.  Étape 3 : Placer les moules au congélateur pendant au moins six heures,&#8230;</p>
