{"id":4891,"date":"2022-06-28T00:07:14","date_gmt":"2022-06-28T00:07:14","guid":{"rendered":"https:\/\/www.floridacitrus.quebec\/oj\/?post_type=fdoc-recipe&#038;p=4891"},"modified":"2024-06-14T15:26:51","modified_gmt":"2024-06-14T15:26:51","slug":"vinaigrette-balsamique-au-jus-dorange-de-la-floride","status":"publish","type":"fdoc-recipe","link":"https:\/\/www.floridacitrus.quebec\/oj\/recettes\/vinaigrette-balsamique-au-jus-dorange-de-la-floride\/","title":{"rendered":"Vinaigrette balsamique au jus d&rsquo;orange de la Floride"},"content":{"rendered":"\r\n<div class=\"wp-block-buttons alignright is-layout-flex wp-block-buttons-is-layout-flex\">\r\n<div class=\"wp-block-button\"><a class=\"wp-block-button__link\" href=\"https:\/\/www.floridacitrus.ca\/oj\/recipes\/florida-orange-juice-balsamic-dressing\/\" target=\"_blank\" rel=\"noreferrer noopener\">Anglais<\/a><\/div>\r\n<\/div>\r\n\r\n\r\n\r\n<p>Apportez une explosion de saveur \u00e0 vos salades avec cette vinaigrette l\u00e9g\u00e8re et nutritive. Simple \u00e0 pr\u00e9parer, la vinaigrette, qui utilise le go\u00fbt \u00e9tonnant du jus d&rsquo;orange de la Floride, ajoutera une touche savoureuse \u00e0 vos l\u00e9gumes.<\/p>\r\n\r\n\r\n\r\n<h2 class=\"wp-block-heading\">Ingr\u00e9dients<\/h2>\r\n\r\n\r\n\r\n<ul class=\"wp-block-fdoc-recipe-ingredients\">\r\n<li>\u00bc tasse de jus d&rsquo;orange de la Floride<\/li>\r\n<li>\u2153 tasse de vinaigre balsamique<\/li>\r\n<li>\u2154 tasse d&rsquo;huile d&rsquo;olive<\/li>\r\n<li>\u00bd c. \u00e0 th\u00e9 de poudre d&rsquo;ail<\/li>\r\n<li>2 c. \u00e0 table de moutarde de Dijon<\/li>\r\n<li>1 c. \u00e0 table de miel<\/li>\r\n<\/ul>\r\n\r\n\r\n\r\n<h2 class=\"wp-block-heading\">Pr\u00e9paration<\/h2>\r\n\r\n\r\n\r\n<p>Vinaigrette balsamique au jus d&rsquo;orange de la Floride<\/p>\r\n\r\n\r\n\r\n<p>\u00c9tape 1 :<\/p>\r\n\r\n\r\n\r\n<p>Dans un bol de taille moyenne, combiner tous les ingr\u00e9dients et m\u00e9langer avec un m\u00e9langeur \u00e0 immersion ou un m\u00e9langeur ordinaire.<\/p>\r\n\r\n\r\n\r\n<figure class=\"wp-block-image size-large\"><img fetchpriority=\"high\" decoding=\"async\" width=\"514\" height=\"246\" class=\"wp-image-4892\" src=\"https:\/\/www.floridacitrus.quebec\/oj\/wp-content\/uploads\/sites\/22\/2022\/06\/Image_Balsamic-Dressing_01.png\" alt=\"\" title=\"\" srcset=\"https:\/\/www.floridacitrus.quebec\/oj\/wp-content\/uploads\/sites\/22\/2022\/06\/Image_Balsamic-Dressing_01.png 514w, https:\/\/www.floridacitrus.quebec\/oj\/wp-content\/uploads\/sites\/22\/2022\/06\/Image_Balsamic-Dressing_01-400x191.png 400w\" sizes=\"(max-width: 514px) 100vw, 514px\" \/><\/figure>\r\n\r\n\r\n\r\n<p>\u00c9tape 2 :<\/p>\r\n\r\n\r\n\r\n<p>Une fois m\u00e9lang\u00e9e, la vinaigrette balsamique est pr\u00eate \u00e0 servir.<\/p>\r\n\r\n\r\n\r\n<figure class=\"wp-block-image size-large\"><img decoding=\"async\" width=\"536\" height=\"257\" class=\"wp-image-4893\" src=\"https:\/\/www.floridacitrus.quebec\/oj\/wp-content\/uploads\/sites\/22\/2022\/06\/Image_Balsamic-Dressing_02.png\" alt=\"\" title=\"\" srcset=\"https:\/\/www.floridacitrus.quebec\/oj\/wp-content\/uploads\/sites\/22\/2022\/06\/Image_Balsamic-Dressing_02.png 536w, https:\/\/www.floridacitrus.quebec\/oj\/wp-content\/uploads\/sites\/22\/2022\/06\/Image_Balsamic-Dressing_02-400x192.png 400w\" sizes=\"(max-width: 536px) 100vw, 536px\" \/><\/figure>\r\n\r\n\r\n\r\n<p>\u00c9tape 3 :<\/p>\r\n\r\n\r\n\r\n<p>Conserver au r\u00e9frig\u00e9rateur jusqu&rsquo;\u00e0 deux semaines.<\/p>\r\n\r\n\r\n\r\n<figure class=\"wp-block-image size-large\"><img decoding=\"async\" width=\"524\" height=\"292\" class=\"wp-image-4894\" src=\"https:\/\/www.floridacitrus.quebec\/oj\/wp-content\/uploads\/sites\/22\/2022\/06\/Image_Balsamic-Dressing_03.png\" alt=\"\" title=\"\" srcset=\"https:\/\/www.floridacitrus.quebec\/oj\/wp-content\/uploads\/sites\/22\/2022\/06\/Image_Balsamic-Dressing_03.png 524w, https:\/\/www.floridacitrus.quebec\/oj\/wp-content\/uploads\/sites\/22\/2022\/06\/Image_Balsamic-Dressing_03-400x223.png 400w\" sizes=\"(max-width: 524px) 100vw, 524px\" \/><\/figure>\r\n","protected":false},"excerpt":{"rendered":"<p>Apportez une explosion de saveur \u00e0 vos salades avec cette vinaigrette l\u00e9g\u00e8re et nutritive. Simple \u00e0 pr\u00e9parer, la vinaigrette, qui utilise le go\u00fbt \u00e9tonnant du jus d&rsquo;orange de la Floride, ajoutera une touche savoureuse \u00e0 vos l\u00e9gumes. Ingr\u00e9dients Pr\u00e9paration Vinaigrette balsamique au jus d&rsquo;orange de la Floride \u00c9tape 1 : Dans un bol de taille&#8230;<\/p>\n","protected":false},"featured_media":5175,"template":"","meta":{"_acf_changed":false,"om_disable_all_campaigns":false,"footnotes":""},"fdoc-citrus-type":[118],"fdoc-recipe-method":[],"fdoc-recipe-diet":[],"fdoc-health-category":[6,101,67,96,8,178,69,172,168],"fdoc-recipe-lifestyle":[],"fdoc-recipe-course":[139,141],"fdoc-recipe-cuisine":[],"fdoc-recipe-ingredient":[],"fdoc-recipe-keyword":[],"class_list":["post-4891","fdoc-recipe","type-fdoc-recipe","status-publish","has-post-thumbnail","hentry","fdoc-citrus-type-jus-dorange","fdoc-health-category-anti-inflammatoire","fdoc-health-category-faible-teneur-en-sucre","fdoc-health-category-peau-eclatante","fdoc-health-category-peu-calorique","fdoc-health-category-riche-en-antioxydants","fdoc-health-category-riche-en-vitamine-c","fdoc-health-category-sans-gluten","fdoc-health-category-vegetalien","fdoc-health-category-vegetarien","fdoc-recipe-course-salade","fdoc-recipe-course-sauce"],"acf":[],"_links":{"self":[{"href":"https:\/\/www.floridacitrus.quebec\/oj\/wp-json\/wp\/v2\/fdoc-recipe\/4891","targetHints":{"allow":["GET"]}}],"collection":[{"href":"https:\/\/www.floridacitrus.quebec\/oj\/wp-json\/wp\/v2\/fdoc-recipe"}],"about":[{"href":"https:\/\/www.floridacitrus.quebec\/oj\/wp-json\/wp\/v2\/types\/fdoc-recipe"}],"version-history":[{"count":5,"href":"https:\/\/www.floridacitrus.quebec\/oj\/wp-json\/wp\/v2\/fdoc-recipe\/4891\/revisions"}],"predecessor-version":[{"id":7797,"href":"https:\/\/www.floridacitrus.quebec\/oj\/wp-json\/wp\/v2\/fdoc-recipe\/4891\/revisions\/7797"}],"wp:featuredmedia":[{"embeddable":true,"href":"https:\/\/www.floridacitrus.quebec\/oj\/wp-json\/wp\/v2\/media\/5175"}],"wp:attachment":[{"href":"https:\/\/www.floridacitrus.quebec\/oj\/wp-json\/wp\/v2\/media?parent=4891"}],"wp:term":[{"taxonomy":"fdoc-citrus-type","embeddable":true,"href":"https:\/\/www.floridacitrus.quebec\/oj\/wp-json\/wp\/v2\/fdoc-citrus-type?post=4891"},{"taxonomy":"fdoc-recipe-method","embeddable":true,"href":"https:\/\/www.floridacitrus.quebec\/oj\/wp-json\/wp\/v2\/fdoc-recipe-method?post=4891"},{"taxonomy":"fdoc-recipe-diet","embeddable":true,"href":"https:\/\/www.floridacitrus.quebec\/oj\/wp-json\/wp\/v2\/fdoc-recipe-diet?post=4891"},{"taxonomy":"fdoc-health-category","embeddable":true,"href":"https:\/\/www.floridacitrus.quebec\/oj\/wp-json\/wp\/v2\/fdoc-health-category?post=4891"},{"taxonomy":"fdoc-recipe-lifestyle","embeddable":true,"href":"https:\/\/www.floridacitrus.quebec\/oj\/wp-json\/wp\/v2\/fdoc-recipe-lifestyle?post=4891"},{"taxonomy":"fdoc-recipe-course","embeddable":true,"href":"https:\/\/www.floridacitrus.quebec\/oj\/wp-json\/wp\/v2\/fdoc-recipe-course?post=4891"},{"taxonomy":"fdoc-recipe-cuisine","embeddable":true,"href":"https:\/\/www.floridacitrus.quebec\/oj\/wp-json\/wp\/v2\/fdoc-recipe-cuisine?post=4891"},{"taxonomy":"fdoc-recipe-ingredient","embeddable":true,"href":"https:\/\/www.floridacitrus.quebec\/oj\/wp-json\/wp\/v2\/fdoc-recipe-ingredient?post=4891"},{"taxonomy":"fdoc-recipe-keyword","embeddable":true,"href":"https:\/\/www.floridacitrus.quebec\/oj\/wp-json\/wp\/v2\/fdoc-recipe-keyword?post=4891"}],"curies":[{"name":"wp","href":"https:\/\/api.w.org\/{rel}","templated":true}]}}

<div class="wp-block-buttons alignright is-layout-flex wp-block-buttons-is-layout-flex">
<div class="wp-block-button"><a class="wp-block-button__link" href="https://www.floridacitrus.ca/oj/recipes/florida-orange-juice-balsamic-dressing/" target="_blank" rel="noreferrer noopener">Anglais</a></div>
</div>



<p>Apportez une explosion de saveur à vos salades avec cette vinaigrette légère et nutritive. Simple à préparer, la vinaigrette, qui utilise le goût étonnant du jus d&rsquo;orange de la Floride, ajoutera une touche savoureuse à vos légumes.</p>



<h2 class="wp-block-heading">Ingrédients</h2>



<ul class="wp-block-fdoc-recipe-ingredients">
<li>¼ tasse de jus d&rsquo;orange de la Floride</li>
<li>⅓ tasse de vinaigre balsamique</li>
<li>⅔ tasse d&rsquo;huile d&rsquo;olive</li>
<li>½ c. à thé de poudre d&rsquo;ail</li>
<li>2 c. à table de moutarde de Dijon</li>
<li>1 c. à table de miel</li>
</ul>



<h2 class="wp-block-heading">Préparation</h2>



<p>Vinaigrette balsamique au jus d&rsquo;orange de la Floride</p>



<p>Étape 1 :</p>



<p>Dans un bol de taille moyenne, combiner tous les ingrédients et mélanger avec un mélangeur à immersion ou un mélangeur ordinaire.</p>



<figure class="wp-block-image size-large"><img fetchpriority="high" decoding="async" width="514" height="246" class="wp-image-4892" src="https://www.floridacitrus.quebec/oj/wp-content/uploads/sites/22/2022/06/Image_Balsamic-Dressing_01.png" alt="" title="" srcset="https://www.floridacitrus.quebec/oj/wp-content/uploads/sites/22/2022/06/Image_Balsamic-Dressing_01.png 514w, https://www.floridacitrus.quebec/oj/wp-content/uploads/sites/22/2022/06/Image_Balsamic-Dressing_01-400x191.png 400w" sizes="(max-width: 514px) 100vw, 514px" /></figure>



<p>Étape 2 :</p>



<p>Une fois mélangée, la vinaigrette balsamique est prête à servir.</p>



<figure class="wp-block-image size-large"><img decoding="async" width="536" height="257" class="wp-image-4893" src="https://www.floridacitrus.quebec/oj/wp-content/uploads/sites/22/2022/06/Image_Balsamic-Dressing_02.png" alt="" title="" srcset="https://www.floridacitrus.quebec/oj/wp-content/uploads/sites/22/2022/06/Image_Balsamic-Dressing_02.png 536w, https://www.floridacitrus.quebec/oj/wp-content/uploads/sites/22/2022/06/Image_Balsamic-Dressing_02-400x192.png 400w" sizes="(max-width: 536px) 100vw, 536px" /></figure>



<p>Étape 3 :</p>



<p>Conserver au réfrigérateur jusqu&rsquo;à deux semaines.</p>



<figure class="wp-block-image size-large"><img decoding="async" width="524" height="292" class="wp-image-4894" src="https://www.floridacitrus.quebec/oj/wp-content/uploads/sites/22/2022/06/Image_Balsamic-Dressing_03.png" alt="" title="" srcset="https://www.floridacitrus.quebec/oj/wp-content/uploads/sites/22/2022/06/Image_Balsamic-Dressing_03.png 524w, https://www.floridacitrus.quebec/oj/wp-content/uploads/sites/22/2022/06/Image_Balsamic-Dressing_03-400x223.png 400w" sizes="(max-width: 524px) 100vw, 524px" /></figure>

<p>Apportez une explosion de saveur à vos salades avec cette vinaigrette légère et nutritive. Simple à préparer, la vinaigrette, qui utilise le goût étonnant du jus d&rsquo;orange de la Floride, ajoutera une touche savoureuse à vos légumes. Ingrédients Préparation Vinaigrette balsamique au jus d&rsquo;orange de la Floride Étape 1 : Dans un bol de taille&#8230;</p>
